*o + 70 = 5*q, -4*q + 2*q + 2*o + 12 = s. Calculate the greatest common factor of q and 10.
10
Suppose 907 - 327 = 4*o. Let v(x) = 2*x**2 + 9*x - 23. Let c be v(-9). What is the highest common factor of o and c?
29
Let v(f) = -34*f**3 + f**2. Let a be v(-1). Calculate the greatest common divisor of 5 and a.
5
Suppose -3*u = 2*q - 9, q + q + 5*u = 11. Calculate the greatest common divisor of q and 6.
3
Suppose -5*j + 1 = -4*j. Let i be j + (2 - 4) + 9. Suppose -s - 21 = -4*v, -1 + 0 = v + s. Calculate the highest common factor of i and v.
4
Let u be -1 - 58/4*-2. Calculate the highest common divisor of u and 14.
14
Let m(f) = 6*f - 5. Let b(y) = 1. Let w(t) = -2*b(t) - m(t). Let a be (-15)/4 + (-3)/12. Let q be w(a). What is the greatest common divisor of 3 and q?
3
Let v = 86 - 78. Calculate the greatest common factor of 8 and v.
8
Let b = 256 + -201. Suppose 66 = 3*j - 69. Suppose -5*u + 5*n = -j, -6 - 2 = 2*n. Calculate the highest common factor of b and u.
5
Suppose -45*k + 41*k = -40. Suppose -14 + 4 = -2*i. Let l = k - i. What is the greatest common divisor of l and 2?
1
Suppose b + 4*s - 9 = 0, 0 = -b - 0*b - 2*s + 9. Suppose -f + 0 + b = 0. Calculate the highest common factor of f and 63.
9
Let u(z) = z**2 + 2. Let k be u(0). Suppose k*v = v + 11. Let a be (2*-1)/(2/(-33)). Calculate the highest common divisor of a and v.
11
Let u = -12 - -17. Let t(d) = 3*d**2 + d. Let z be t(-1). Suppose 0*q + 5*q = -u*x + 150, -90 = -3*x - z*q. What is the greatest common factor of 10 and x?
10
Let b = 2 - 0. Let x be (3 + 0 - 1)*2. Suppose 156 = a - x*k, 2*k = -b*a + 212 + 70. Calculate the highest common divisor of 18 and a.
18
Let r(c) = 2*c**2 - 28*c - 6. Let s be r(15). Calculate the highest common factor of s and 8.
8
Let l = 4 + -1. Suppose 2*z - 2*r + 14 = 3*z, l*r + 67 = 4*z. What is the highest common factor of 112 and z?
16
Let c be (-6)/(-9) - 14/(-6). Suppose c*g - 150 = -0*g. Let l = 43 - 23. What is the highest common divisor of l and g?
10
Suppose 5*u - 3*a = 46, 0 = -3*u + a - 0*a + 26. Let m = -2 - -26. Calculate the highest common divisor of m and u.
8
Suppose 2*u - u - 92 = 0. Calculate the highest common divisor of u and 23.
23
Suppose 3*o + 14 - 269 = 0. Let d be ((-2)/3)/(11/(-561)). Calculate the highest common factor of o and d.
17
Let c(d) = 34*d - 4. Let x be c(3). Calculate the highest common factor of 14 and x.
14
Suppose 442 = -4*f + z, 3*f - 2*z + 195 = -134. Let h = f - -202. Let y be (-1)/(-1)*(0 + 13). Calculate the highest common factor of h and y.
13
Suppose -2*m = 3*m. Suppose 5*v + 9 - 29 = m. Suppose 0 = 3*n - v*n - 3, 4*b - 3*n = 45. Calculate the greatest common divisor of b and 27.
9
Let m(s) be the first derivative of s**4/4 + s**3/3 + s**2/2 + 49*s - 1. Suppose 6*q = 2*q. Let b be m(q). Calculate the greatest common divisor of b and 7.
7
Suppose -4*j - j + 30 = 0. Let y be 8/j*(-33)/(-2). Let i be (1*-1 - -3)/1. Calculate the highest common factor of y and i.
2
Suppose -4*x - 4*w + 8 - 28 = 0, 4*x + 10 = -2*w. Let c = x - -9. Suppose 3*d + 4*z = -z + 125, -37 = -d - 4*z. What is the greatest common divisor of d and c?
9
Suppose 1 = -2*f - 7. Let s be (-806)/(-18) - f/18. Let q(g) = g**3 + 8*g**2 + 6*g - 2. Let v be q(-7). Calculate the highest common divisor of v and s.
5
Let w(m) = -2*m. Let h be w(-2). Let i(z) = z**3 + 5*z**2 - 4*z + 4. Let s be i(h). What is the highest common divisor of 12 and s?
12
Suppose 4*d = -7*s + 3*s - 52, -5*s - 115 = -5*d. Let g = -16 - s. Calculate the greatest common factor of g and 10.
2
Suppose 4*m - 26 = k, -4*k = -3*k - 5*m + 31. Let f be (-86)/k - (-5)/(-15). Calculate the highest common factor of 21 and f.
7
Let i(p) = p**3 - 6*p - 2. Let m be i(3). What is the greatest common divisor of m and 7?
7
Suppose 616 = 40*g - 18*g. Let a(p) = -17*p + 2. Let n be a(-4). Calculate the greatest common divisor of g and n.
14
Let k = -5 - -11. Let v be 10 + k - (2 - -1). What is the greatest common divisor of 65 and v?
13
Let c(u) = -6*u - 3. Suppose -x = -2*x + 5. Let g = 3 - x. Let s be c(g). What is the highest common factor of 63 and s?
9
Suppose 0*o + 2*o = 72. Let s(n) = 92*n**2 - 4*n + 2. Let g be s(1). What is the highest common factor of g and o?
18
Suppose -26 - 58 = -4*z. Calculate the greatest common divisor of 14 and z.
7
Suppose -r = -683 + 164. Suppose -3*h - 3*u = -r, h + 5*u - 199 + 6 = 0. Calculate the greatest common factor of h and 21.
21
Suppose -3*f = -0*f - 285. Suppose 14 = l - 5. Calculate the highest common divisor of f and l.
19
Suppose 0 = b + 5*u + 6, b + 2*u = u + 2. Let y(m) = -m**3 + 5*m**2 + 9*m - 12. Let d be y(6). What is the highest common factor of d and b?
2
Suppose 3 = 3*j, 2*i - 5*i = -2*j - 97. What is the greatest common divisor of 11 and i?
11
Let s(x) = x**3 + 13*x**2 - 5*x + 17. Let c be s(-12). Suppose 4*o = c + 59. Calculate the highest common factor of o and 28.
14
Suppose -o + 2 = -2*o + 3*v, -2*v = 4*o - 6. Calculate the highest common factor of o and 3.
1
Let h(z) = -9*z - 2. Let x be h(-2). Let c be x/88 - 196/(-11). Let m = 41 + 31. What is the highest common divisor of m and c?
18
Suppose -4*g - 7*g + 121 = 0. What is the highest common factor of 99 and g?
11
Suppose 0 = -5*l + 127 + 178. Suppose -3*m = s - l, -5*s = 24 + 1. What is the greatest common factor of m and 242?
22
Suppose 0 = -3*r - 484 + 3589. Suppose -2*g = -5*x - r, 1035 = -8*x + 3*x + 5*g. Let u = -57 - x. Calculate the greatest common factor of u and 25.
25
Let z(m) = -5*m + 6. Let q be z(-9). Suppose q = 3*w - 117. What is the highest common factor of w and 7?
7
Let c = 0 - -6. Let y be 6*(c/4 - 0). Calculate the greatest common divisor of y and 81.
9
Suppose -38 = -5*t - 33. Let l be (-184)/(-20) - (-1)/(-5). Calculate the greatest common factor of t and l.
1
Let i = 0 + 64. Let b(u) = -3*u - u**3 + 6 - 3 - 6*u**2 - 3*u. Let z be b(-5). Calculate the greatest common factor of z and i.
8
Let w(n) = n**3 - 2*n**2 + 2*n - 4. Let z be w(3). Let x be (4/12)/((-2)/(-12)). Suppose -3*m + x = -m. Calculate the highest common divisor of m and z.
1
Let g = -7 - -29. Suppose -2*b + 0*j = 5*j - 115, -4*j = 3*b - 169. What is the greatest common divisor of g and b?
11
Suppose -83 = -5*z - 23. Suppose z*w - 8*w = 52. What is the highest common factor of w and 13?
13
Let s = -5 - -17. What is the highest common factor of 96 and s?
12
Let x(z) = z**2 + 2*z + 1. Let p be x(-3). Suppose -p*s + 15 = -5. Suppose s*v - 28 = 32. What is the greatest common divisor of 24 and v?
12
Suppose l = 3 + 2, -4*l = 4*f - 76. Suppose -503 + 13 = -14*x. What is the greatest common factor of f and x?
7
Let n(d) = d + 8. Let a be n(-6). Let x(b) = 2*b - 2. Let k be x(a). Suppose 3*f = -p + 9, 4*p - 4 = -4*f - 0*p. What is the greatest common divisor of k and f?
2
Suppose 0*d = d - 2. Let n = -4 + 8. Suppose -10 = -d*y - 4*s + n, 2*s = 2. What is the highest common divisor of y and 40?
5
Suppose 4*z + 3*n - 58 = 0, 7*z - 3*z = -4*n + 56. What is the highest common factor of z and 8?
8
Let x(t) = 6*t. Let n = 1 + 1. Suppose -l - 3 = -n*l. Let q be x(l). Calculate the highest common divisor of 12 and q.
6
Let m(t) = -t**2 + 0*t**2 + 2*t**2 + t. Let f be m(-4). Calculate the greatest common factor of f and 12.
12
Let g(u) = 5*u - 11. Let v be g(6). Calculate the greatest common divisor of v and 209.
19
Let x(v) = v**2 - 3*v + 1. Let l be x(-9). Suppose -43 - l = -4*m. Let k = m + -12. What is the highest common divisor of 208 and k?
26
Suppose -5*x + 8 + 157 = 0. What is the highest common factor of 3 and x?
3
Let f(z) = 4*z + 17. Let h be f(13). Calculate the greatest common divisor of h and 23.
23
Suppose 5*j + 4*v = 14, -2*j = -7*j - 5*v + 15. Suppose -2*f + j*k + 54 = 0, -5*f + 0*k = -2*k - 135. What is the greatest common factor of f and 3?
3
Let h = 111 - -96. Calculate the greatest common divisor of h and 23.
23
Suppose 0 = -2*n - n + 774. Suppose -4*j + 0*j = 672. Let v = j + n. What is the greatest common divisor of v and 18?
18
Let z be 15/(-12) - (-2)/8. Let j(h) = 10*h**2 + 2*h + 1. Let x be j(z). Calculate the highest common divisor of 1 and x.
1
Suppose 2*r + 11 = 3*r. What is the greatest common divisor of 1 and r?
1
Suppose 0 = -0*q - 4*q + 220. Suppose -15 + q = 5*m. Let v(g) 